rime factors of (m + 22)*28/10?
2, 7
Suppose -17*j + 2*z = -14*j - 128, -205 = -5*j + 5*z. Suppose -2*b - 74 = -3*i, -6*i = -3*i + 5*b - j. What are the prime factors of i?
2, 11
Let t(h) = -h**2 + 5*h - 2. Let c be (-13)/(-5) + (-8)/(-20). Let b be t(c). Suppose b*z + 0*j = 5*j - 2, j = 5*z - 8. List the prime factors of z.
2
Let j(l) = 2*l**2 - 13*l - 19. Let h(k) = -4*k**2 + 27*k + 38. Let w(v) = -6*h(v) - 11*j(v). List the prime factors of w(14).
107
Let f = 20 - 16. What are the prime factors of f/18 + (-1500)/(-54)?
2, 7
Let a(t) = -t**3 - 4*t**2 - 4*t + 1. Let d be a(-3). Suppose 4*h + 1 - 5 = 4*p, 0 = -3*h - d*p + 17. Suppose v - 17 = -h. List the prime factors of v.
2, 7
Let r = 1523 - 687. List the prime factors of r.
2, 11, 19
Let o(h) be the third derivative of -h**4/6 + h**3/2 - 12*h**2. What are the prime factors of o(-4)?
19
List the prime factors of -502*3*(-1 + (-4)/(-6)).
2, 251
Let d = -15 + -130. What are the prime factors of 9/(-3) + (-12)/(-2) - d?
2, 37
Let n be (2/(-6))/((-7)/126). What are the prime factors of -7*15*n/(-21)?
2, 3, 5
List the prime factors of -3 + 2 - (-449 + 3 + 0).
5, 89
Suppose -m = -2*m. Suppose m*p - x - 44 = -4*p, 4*x = 0. Suppose -5*d - p = -46. What are the prime factors of d?
7
Let t(i) = i**3 + 13*i**2 - 27*i + 4. What are the prime factors of t(-12)?
2, 59
Let v be ((-33)/55)/((-2)/(-10)) + -5. What are the prime factors of 14/(-21)*2148/v?
179
Let h = -901 - -977. What are the prime factors of h?
2, 19
Suppose 2772*k = 2764*k + 44040. What are the prime factors of k?
3, 5, 367
Let b be (81/45)/(1/5). Suppose o = 3*j + 6*o - 46, 2*j = o + b. What are the prime factors of j?
7
Suppose 289 = 4*z - 7. What are the prime factors of z?
2, 37
List the prime factors of ((-184)/(-6))/(1/3).
2, 23
Let o be 10/45 - (1 - 43/9). Let a = 107 + o. List the prime factors of a.
3, 37
Suppose -2*f - 6 = 3*z, -5*z - f - 17 = -0*f. Let s(t) = -6*t - 13. What are the prime factors of s(z)?
11
List the prime factors of (-42)/525 + 11002/25.
2, 5, 11
List the prime factors of (7 + 1)/(3/(-162)*-1).
2, 3
Let n(f) = 3*f - 10. Suppose 3*s - 35 = -2*s. Let x be n(s). What are the prime factors of (x - 1)*1/2?
5
Suppose -3*n + 11*y = 6*y - 8, 0 = 4*n + 3*y - 59. List the prime factors of n.
11
Suppose -8*v + 16560 = 408. List the prime factors of v.
3, 673
Let j be (-9)/(-5) + (57/(-15) - -4). Suppose 4*m - 2*m = -j*f + 142, -72 = -f - 2*m. What are the prime factors of f?
2, 5, 7
Suppose -2*t + 14 = 4*x + x, -18 = -5*t - 4*x. Suppose 5*b - 2*m = -5*m + 55, 22 = 2*b + t*m. List the prime factors of b.
11
Let i = -15 - -15. Suppose 5*v + 5 = i, 4 = -4*m + 5*v + 9. Let d = m - -13. List the prime factors of d.
13
Suppose -5*c = -5*h + 16110, -2*h + 5*c = -h - 3214. What are the prime factors of h?
2, 13, 31
Suppose 8 = -3*k - 10. Let q(i) = -5*i**2 + 3*i - 8. Let p(m) = -28*m**2 + 15*m - 40. Let h(d) = -2*p(d) + 11*q(d). List the prime factors of h(k).
2, 5
Let c(f) = -f**2 - 62*f - 49. Let t be c(-28). Let x = t - 626. List the prime factors of x.
277
Suppose -5*z = 3*a - 20, 2*z = -a - 4*a + 8. Let o = z - 1. Suppose 3*g - 3*h = 2*g - 6, -15 = -o*g - 2*h. What are the prime factors of g?
3
Let l(g) = 33*g**3 - 3*g**2 - 3*g + 1. Let y(n) = 34*n**3 - 3*n**2 - 3*n + 2. Let f(h) = -6*l(h) + 7*y(h). What are the prime factors of f(2)?
2, 5, 31
Let j(g) = 36*g**3. Let p(c) = c + 11. Let w be p(-10). What are the prime factors of j(w)?
2, 3
Let b(o) = 34*o**3 - o. Let r be b(1). Suppose -5 = 32*k - r*k. What are the prime factors of k?
5
Let d = -8 + 8. Suppose -2*w - 3*w + 345 = d. What are the prime factors of w?
3, 23
What are the prime factors of 906 - (187/55 + 6/(-15))?
3, 7, 43
Suppose r + 2*o + 5 = 0, -2*o - 1 = 4*r - 11. Let q be (-9)/6*(r + 5). List the prime factors of (-291)/(-5) + 3/q.
2, 29
Let w = -463 + 672. Let d = 45 + w. What are the prime factors of d?
2, 127
Let l = -33 - -68. List the prime factors of (444/(-15))/((-14)/l).
2, 37
Let y = -124 + 176. Suppose r + 5*d = -r + 46, -2*d + y = 2*r. Let c = 68 - r. List the prime factors of c.
2, 5
Suppose 34*j = 33*j - 2*q + 267, -j + 5*q = -253. What are the prime factors of j?
263
Let f(p) = -7*p - 13. Let d(z) = -20*z - 38. Let q(b) = -6*d(b) + 17*f(b). Let v be 12 + 5 + -5 - 6. What are the prime factors of q(v)?
13
Suppose 3 = -4*y + 47. Let d = y + 43. List the prime factors of d.
2, 3
Suppose -5*l - 807 = -4*v, 5*l - 4*v + 805 = v. Let z = 189 - l. List the prime factors of z.
2, 11
Suppose 0 = 4*a - 3*t - 2, a - 10 = -0*a - 4*t. What are the prime factors of (-4)/1 - (a - 73)?
67
Suppose -3*u + 24 = -u. Let f = u + -43. Let l = -6 - f. What are the prime factors of l?
5
Let f be (-15)/(-25) + 3057/5. Suppose 4*x = x + f. What are the prime factors of x?
2, 3, 17
Let x = 4 - 7. Let n = x - 15. Let w = -4 - n. What are the prime factors of w?
2, 7
Suppose 109265 = g + 40*g. What are the prime factors of g?
5, 13, 41
Let h = -814 + 1192. List the prime factors of h.
2, 3, 7
Let x(w) = -24*w - 108. List the prime factors of x(-19).
2, 3, 29
Let z = -94 + 96. Suppose 0 = 4*k, 5*k = -z*j + 3*j - 116. What are the prime factors of j?
2, 29
Let k(t) = -7*t - 67. What are the prime factors of k(-28)?
3, 43
Suppose 3*c + 13*c - 20272 = 0. What are the prime factors of c?
7, 181
Suppose 0*l + 2 = l - 2*i, -i - 10 = -2*l. Suppose 207 = l*a - 1185. What are the prime factors of a?
2, 29
Let o(i) = 4*i**2 + i + 722. What are the prime factors of o(0)?
2, 19
Let b be (0 - 1)*0/(-1). Let n be 0 - (0 - b)/4. Suppose 3*j + n*j - 57 = 0. List the prime factors of j.
19
Suppose 325 = -5*a + l, 3*l - l = 4*a + 254. List the prime factors of ((-8)/12)/((-1 - -2)/a).
2, 11
Let z be (9/6)/((-1)/(-12)). Suppose -3*u = 2*a - u + z, 3*a + 12 = 2*u. What are the prime factors of (3*-7)/(a - -5)?
3, 7
Let m be -3*(-1 + 6/(-9)). Suppose 725 - 265 = m*y. What are the prime factors of y?
2, 23
Suppose 0 = 5*a - 13*a + 5096. What are the prime factors of a?
7, 13
Let c be (-266)/(-57)*(-6)/(-4). Suppose -2*m = 2*k - c - 1, k = -2*m + 2. List the prime factors of -4*((-39)/k + 4).
2, 5
Suppose -3*i - 4*u + 158 = 0, 5*i - 136 = 3*u + 137. List the prime factors of i.
2, 3
Let a(o) = 2*o**2 - 33*o + 22. What are the prime factors of a(20)?
2, 3
Suppose 0 = -c + 5*c + 4*n - 628, -n = 1. List the prime factors of c.
2, 79
Suppose 12*f = -203 + 3491. What are the prime factors of f?
2, 137
Let g be -479 + 7/((-7)/(-3)). Let s be (-3)/(-18) - g/24. Let k = 43 - s. List the prime factors of k.
23
Let y(b) = 2*b**2 + 4*b + 7. Let z(o) = -o**2. Let k(i) = -2*y(i) - 6*z(i). List the prime factors of k(-5).
2, 19
Suppose q = 4*d - 0*d - 32, -d + 3 = q. Suppose 2*g - d*g = -315. List the prime factors of g.
3, 7
Let v(k) = k**2 - 6*k - 5. Let b be v(5). Suppose -2 = -n + m, -2*m + 6*m = -3*n - 29. Let u = n - b. List the prime factors of u.
7
Let j(z) = -z**2 + 4*z + 2. Let r be j(3). Suppose -8 = -2*u + 2*w + 46, -r*u + 3*w + 131 = 0. List the prime factors of u.
5
Suppose -3 - 5 = -t. Let b(w) = 3*w + 6. List the prime factors of b(t).
2, 3, 5
Suppose -3*g = 5*x - 10, 3*x + 3*g = -x + 8. Suppose -q = -3*b + 791, 4*b - x*q - 470 = 588. List the prime factors of b.
2, 131
Suppose -4 = j + a - 67, 0 = -4*a - 4. Let h = j + -45. Let l = h - -1. What are the prime factors of l?
2, 5
Let q be -4 + -1 + 0 - -3. Let b(l) = -5*l**3 + l**2 - 5. What are the prime factors of b(q)?
3, 13
Let z(n) = 24*n + n**2 - 52*n + 9 + 22*n. What are the prime factors of z(9)?
2, 3
Let n = 50 + -52. What are the prime factors of 253 - (2*(-2 - -6))/n?
257
Let f(t) = 14*t + 2*t + 3*t - 3. Let g be 2 + (1 + -1)/(8 + -7). List the prime factors of f(g).
5, 7
Let n = -3868 + 6602. What are the prime factors of n?
2, 1367
Let b be 5/(3 + (-4 - -2)). Suppose -b*m = -14 - 26. Suppose -5*s + 44 = h, -s + m = -3*h + 60. List the prime factors of h.
19
Suppose -17*h + 53820 = 9*h. List the prime factors of h.
2, 3, 5, 23
What are the prime factors of (-3)/9 - (5716/(-12) - 5)?
13, 37
Let x be -13 + 16 + (0 - -28). Let d = x - 1. Suppose -2*t - t = -d. List the prime factors of t.
2, 5
Suppose 29*u = 225109 - 64333. List the prime factors of u.
2, 3, 7, 11
Let y(o) = -2*o - 19. Let v be y(15). Let l = -26 - v. Suppose -j + l =